Let u(a) = -a**2 - 4*a + 3. What is u(s)?
3
Let c(a) = a**3 + 6*a**2. Suppose 2*u = 5*b + 19, -5*b - 2*u = -b + 26. Calculate c(b).
25
Let j(d) be the second derivative of -d**4/6 - d**3/3 - d**2 + 4*d - 7. Give j(-1).
-2
Let q = -488 + 1073. Let f(l) = -q + 584 + 2*l - 3*l. What is f(4)?
-5
Let n(b) = b**2 - 2*b - 2. Suppose 0 = -55*c - 4 - 51. Calculate n(c).
1
Let u = 38 + -63. Let m be 10/u - 112/20. Let q(r) = -2*r + 1. Let h(b) = 3*b - 1. Let w(j) = -3*h(j) - 5*q(j). What is w(m)?
-8
Suppose -8*f + 130 = 10. Let s(z) = 9*z - 2 + 5*z - 4*z**2 - z**2 - z**3 - f*z. Determine s(-5).
3
Let f = 95 - 89. Let p(b) = 4*b**2 - 9*b - 3. Let v(u) = 3*u**2 - 8*u - 2. Let m(r) = -2*p(r) + 3*v(r). Determine m(f).
0
Suppose 2*o = 6*s - s + 15, -o = -s - 9. Let a(f) = 12 + 3*f - o + 5*f**2 - 7. Let b(m) = -4*m**2 - 2*m + 4. Let j(v) = -5*a(v) - 6*b(v). Determine j(-2).
3
Let b(w) = -w**3 - 5*w**2 + 6*w + 5. Suppose 5*r = 2*n - n - 18, -4*n - 28 = 5*r. Let o be (1*(r - 2))/1. Give b(o).
5
Let u(j) be the third derivative of 1/30*j**5 + 0*j + 1/6*j**3 - 1/6*j**4 + 19*j**2 + 0. Give u(3).
7
Let x(h) be the first derivative of -5*h + 1/3*h**3 + 15 - 3*h**2. Calculate x(7).
2
Let m(q) = q**3 + 4*q**2 - 15*q + 5. Let y(f) = -5*f**2 + 18*f - 6. Let t(v) = 6*m(v) + 5*y(v). Determine t(-1).
-7
Let k(a) be the second derivative of 5*a**3/6 + a**2 + 2*a. Let h = 286 + -288. Calculate k(h).
-8
Let r(l) = -l**2 + 17*l + 20. Let v be r(18). Let k(m) = -4*m**2 + 8*m**2 + m**2 + m**3 - 3*m - v*m**2. Suppose 8 = -2*j - j + h, 0 = j - 5*h - 16. Give k(j).
-4
Let f(v) = -50*v**2 + 33*v - 32. Let i(h) = 11*h**2 - 8*h + 8. Let n(q) = 2*f(q) + 9*i(q). Let t = 15 - 21. What is n(t)?
8
Let a(v) = v - 7. Let g be a(8). Let x be g/(-1) - (2 - 1). Let m be -7 + x + 2 - -3. Let f(h) = h**3 + 5*h**2 + 4*h - 1. Determine f(m).
-1
Let x(j) = 2*j**2 + 2*j - 32. Let q(b) = -4*b**2 - 4*b + 57. Let s(h) = -5*q(h) - 9*x(h). What is s(-2)?
7
Let b(h) = -4 - 3*h**2 + 295*h**3 - 294*h**3 + 6*h - 3*h + 2*h. Determine b(3).
11
Let g(i) = -i**3 + i**2 + i. Let r = -4 - -6. Suppose 0 + 8 = r*w. Suppose -10 = m + w*m. Calculate g(m).
10
Let t = -411 - -414. Let n(i) be the second derivative of -i**4/12 + i**3/3 + i**2 + i. Give n(t).
-1
Suppose 0 = 5*q + 4*n + 4, 0*q - q - 4*n = 4. Let m(g) = g**2 - 146 - 35*g + 142 + 36*g + g**3. Determine m(q).
-4
Let x(w) be the third derivative of -w**6/120 - 2*w**5/15 - 5*w**4/12 - w**3 + 223*w**2. Determine x(-6).
-18
Let d(s) = -108*s + 3*s**2 + 5*s**3 - s**2 + 109*s. Suppose 0*v - 2*v - 6 = 0. Let l be v - (1 + 1 - 4). Calculate d(l).
-4
Let l = -16 + 9. Let m(v) = 172 - 3*v + 174 - 355 - 2*v + 2*v. What is m(l)?
12
Let o(u) = -3*u + 2 + 5*u - 1. Suppose -d + 21 = -5*d + 3*c, d + 1 = 5*c. Calculate o(d).
-11
Let i(f) be the third derivative of 1/4*f**4 + 0*f + 0 + 1/60*f**5 + 13*f**2 - 4/3*f**3. Give i(-7).
-1
Let k = 29 - 25. Let w(m) = -7 + m - 1 + k - 2. Calculate w(6).
0
Let w(o) = o**2 + 14*o + 1. Let s(c) = 16*c - 93. Let i be s(5). Determine w(i).
-12
Suppose -2*x - 20 = 139*k - 144*k, 4*x + k = 26. Let l(s) = -s**2 - 2 + s**2 - 7*s + 2*s**2. Determine l(x).
13
Let g(z) = -3*z + 10. Let t be g(6). Let b be (-12)/t + (-11)/2. Let i be 8/b*(-3)/6. Let m(a) = -6*a**3 + a**2 - a. Determine m(i).
-6
Let d be 3/(30/(-64)) - 45/75. Let c(f) = -f**2 + f + 1. Let z be c(-2). Let x = d - z. Let m(u) = -2*u**2 - u + 1. Calculate m(x).
-5
Let a(q) = 2*q - 3. Let z = 433 + -438. Determine a(z).
-13
Let w(u) = u**3 + 3*u**2 + u - 3. Let k be w(-3). Suppose h + 1 - 4 = 0. Let q(b) = h - 4 + 0 + b - 1. Give q(k).
-8
Let r(m) = -18*m**2 + m. Let p = -354 + 353. Give r(p).
-19
Let n(o) = o + 5. Let i be (-1)/(-3)*(-399)/19. Calculate n(i).
-2
Let n(k) = k**2 + 7*k + 1. Suppose -3*l = 2*h + 20, 2*l + 10 + 8 = -2*h. Give n(h).
1
Suppose -3 = -4*d + 13. Suppose 6 = 3*o - d*o. Let m(n) = -14 + 8*n - 10*n + 6. Calculate m(o).
4
Let p(z) = z - z - z + 13 + 2*z + z. Determine p(0).
13
Let n(r) = r**2 + 4*r. Let y be 30/(-9) + 2/6. Let l(g) = g**3 + 5*g**2 - 9. Let t be l(-5). Let s be -9*y/t*1. What is n(s)?
-3
Let y(b) = -15*b - 35. Let u(j) = 13*j + 34. Let l(g) = 6*u(g) + 5*y(g). Determine l(-12).
-7
Suppose -8*p - 9 = b - 7*p, -5*p - 5 = -5*b. Let a(z) be the second derivative of -z**5/20 - 5*z**4/12 - 2*z**3/3 - z**2/2 + z. Determine a(b).
-1
Let k(m) be the third derivative of 0 + 1/60*m**5 - 1/24*m**4 + 2*m**3 + 0*m - 3*m**2. Determine k(0).
12
Suppose -16 = 6*w - 2*w. Let d(h) = -7*h + 3. Determine d(w).
31
Let s(u) = -u - 4. Let k = 16 - -2. Let l = k - 20. Determine s(l).
-2
Let c(z) be the first derivative of 1/4*z**4 - 4/3*z**3 - 39 + 2*z**2 - 4*z. Determine c(3).
-1
Let x(p) be the first derivative of 6*p**2 - p - 32. Let w(f) = -25*f + 2. Let y(z) = -6*w(z) - 13*x(z). What is y(3)?
-17
Let g(p) = p**3 - 10*p**2 + 26*p + 3. Let z be g(5). Let d(u) = 3 - 2*u + 6 + 3*u - 2*u. Determine d(z).
1
Let j be -3 + (1 - -5*4/(-10)). Let o = 0 - -3. Let k(g) = 3 - o*g + 4*g - 7. Give k(j).
-8
Let b = 107 + -104. Suppose -37 = -4*l - 3*a, -b*l + 40 = l + 4*a. Let v(y) = y**2 - 7*y - 1. What is v(l)?
-1
Let r(i) = -i**3 - 4*i**2 + 2*i + 2. Let y(p) = 3*p**3 - 3*p**2 + 2*p - 4. Let j be y(2). Let l be (-4)/j*(8 - 2). Give r(l).
-10
Let m(j) be the second derivative of -j**5/20 - 13*j**4/12 - 9*j**2/2 - 35*j + 1. Give m(-13).
-9
Let j(o) be the third derivative of -5/24*o**4 + 5/6*o**3 + 0 - 7/60*o**5 + 0*o - 1/120*o**6 + 8*o**2. Let c(u) = 2*u + 12. Let h be c(-9). What is j(h)?
-1
Suppose 16*n - 251 = -379. Let r(i) = -4*i + 5. Give r(n).
37
Let f(o) = -2*o**3 + o**2 + o + 1. Let t be f(-1). Let v(w) = w**3 - w**2 - 5*w + 2. Give v(t).
5
Suppose 3*p = p + 4*p. Let b(s) = p*s**2 - 3*s + s**2 - 3*s + 4*s. Determine b(2).
0
Let y be (8/(-3))/(-4)*(-54)/(-12). Let g(i) be the second derivative of 1/6*i**y + 5*i + 0 - 1/2*i**2. Determine g(1).
0
Let c(j) = -5*j**3 - j - 1. Suppose -9*d + 5*d + 21 = -y, 5*y + 10 = d. Let h = -6 - -11. Suppose -w = -a - d*w + 3, 0 = h*a - 2*w + 7. Calculate c(a).
5
Let i(l) = 1 - 2*l + 0 - 10. Suppose 2*d - 18 = -12. Suppose -33 = d*j - 4*h, 4*j + 9*h - 4*h = -13. What is i(j)?
5
Let f(z) = -z**3 + 18*z**2 - 21*z - 3. Let o(b) = -b**2 + 2*b. Let j(h) = -f(h) - 4*o(h). What is j(13)?
3
Let y be 15 + -12 + 0/2. Let k(r) = -25*r**y + 47*r**3 - 21*r**3 - 2 + r + 3*r**2. Let g be -1 + (0 - 0 - 2). Give k(g).
-5
Let b be 5/((-25)/10) - -5. Suppose -b*y = 4*h + 16, 0*y + y - 2*h - 8 = 0. Let t(d) = d - 5. Calculate t(y).
-5
Let f(h) = 10 + 0 - 7 + 0 - h**2 - h. Suppose 3*x - 5*m = 9, 8*m = 7*m. Calculate f(x).
-9
Let n be (4 - (-28)/(-8))*8. Let s(h) = 0*h - h + 0*h + 8 - n. Calculate s(2).
2
Let k(j) be the second derivative of j**3/6 + 8*j + 10. Let g(d) = d + 10. Let h be g(-9). Calculate k(h).
1
Let g(t) = -151*t + 3. Let a(u) = -327*u + 6. Let s(z) = 6*a(z) - 13*g(z). Let j be -4 + -4 + (2 - 0). What is s(j)?
-9
Let t(a) = -588*a**2 + 1182*a**2 + 8 - 593*a**2 + 5*a. Give t(-8).
32
Suppose 2*j = 8*x - 4*x, 5*j = x + 45. Suppose -5*w + j*w - 20 = 0. Let y(r) = r - 125*r**2 + 4*r - 5 + 124*r**2 - r. Calculate y(w).
-5
Let l(d) = d - 6. Let p = -110 - -110. Suppose 5*w - w = 2*r, p = 5*r + w. Calculate l(r).
-6
Let x(l) = l + 2. Let v(b) = -2*b**2 - 78*b + 80. Let s be v(-40). What is x(s)?
2
Let c be (2/(-4))/(10/40). Let r be ((-2)/c)/((-5)/(-35)). Let z(w) = 2*w**2 - 4 + 5*w - w**2 + 0*w**2 + r. Give z(-5).
3
Let c = -6 + 9. Let p(m) = -c*m + 4*m - 3*m + 3*m. Let z be ((-4)/6)/((-1)/(-9)). Calculate p(z).
-6
Let u(d) = -d. Let p be u(4). Let m = 41 - 38. Let k(c) = -2*c - 2*c**2 - c**3 + m*c**3 - 3*c**3 - 2*c**2 - 4. What is k(p)?
4
Let g(p) = 7*p + 5*p - 2*p. Suppose -3*y + 6*y + 3*k = 3, 0 = -2*y - k. Determine g(y).
-10
Suppose 3*w = 3*x + 81, -3*w = -2*x + 9 - 85. Suppose 2*h + 2*p = -0*h + w, 0 = -5*h - 2*p + 52. Let l(g) = g**2 - 8*g - 13. Determine l(h).
7
Let r(w) be the third derivative of w**7/840 + w**6/360 - w**5/120 + w**4/8 + 5*w**3/6 - 17*w**2. Let x(o) be the first derivative of r(o). What is x(0)?
3
Let z = 1855 - 1854. Let v(u) = 40*u + 2. Give v(z).
42
Let u(j) = j**3 - 2*j**2 + j. Let z(o) = o**3 + 4*o - 3. Let h(p) = -2*u(p) + z(p). Give h(4).
5
Let q(k) = -2*k**3 - 2*k**2 + 2. Let g be -4 + 4/2 - (-20)/4. Suppose -g*j - 21 